[Mon Dec 9 18:47:31 2024] recibo.data.pl: DBD::ODBC::st execute failed: [MySQL][ODBC 5.3(w) Driver][mysqld-5.7.17-log]Unknown column 'r.i8_financiamiento_id' in 'field list' (SQL-42S22) at C:/Apache24/htdocs/rtm.Opico/pl/recibo.data.pl line 98.: C:/Apache24/htdocs/rtm.Opico/pl/recibo.data.pl, referer: http://localhost:1035/pl/recibo.p.pl?mid=40901345
[Mon Dec 09 18:50:09.483594 2024] [cgi:error] [pid 3712:tid 1488] [client ::1:52096] AH01215:
[Mon Dec 9 18:50:09 2024] recibo.data.pl: DBD::ODBC::st execute failed: [MySQL][ODBC 5.3(w) Driver][mysqld-5.7.17-log]Unknown column 'r.i8_financiamiento_id' in 'field list' (SQL-42S22) at C:/Apache24/htdocs/rtm.Opico/pl/recibo.data.pl line 98.: C:/Apache24/htdocs/rtm.Opico/pl/recibo.data.pl, referer: http://localhost:1035/pl/recibo.p.pl?mid=40901345
[Mon Dec 09 18:50:09.484591 2024] [cgi:error] [pid 3712:tid 1488] [client ::1:52096] AH01215:
[Mon Dec 9 18:50:09 2024] recibo.data.pl: DBD::ODBC::st execute failed: [MySQL][ODBC 5.3(w) Driver][mysqld-5.7.17-log]Unknown column 'r.i8_financiamiento_id' in 'field list' (SQL-42S22) at C:/Apache24/htdocs/rtm.Opico/pl/recibo.data.pl line 98.: C:/Apache24/htdocs/rtm.Opico/pl/recibo.data.pl, referer: http://localhost:1035/pl/recibo.p.pl?mid=40901345
[Mon Dec 09 18:50:41.963861 2024] [cgi:error] [pid 3712:tid 1476] [client ::1:52150] AH01215:
[Mon Dec 9 18:50:41 2024] recibo.data.pl: DBD::ODBC::st execute failed: [MySQL][ODBC 5.3(w) Driver][mysqld-5.7.17-log]Unknown column 'r.i8_financiamiento_id' in 'field list' (SQL-42S22) at C:/Apache24/htdocs/rtm.Opico/pl/recibo.data.pl line 98.: C:/Apache24/htdocs/rtm.Opico/pl/recibo.data.pl, referer: http://localhost:1035/pl/recibo.p.pl?mid=40901345
[Mon Dec 09 18:50:41.963861 2024] [cgi:error] [pid 3712:tid 1476] [client ::1:52150] AH01215:
[Mon Dec 9 18:50:41 2024] recibo.data.pl: DBD::ODBC::st execute failed: [MySQL][ODBC 5.3(w) Driver][mysqld-5.7.17-log]Unknown column 'r.i8_financiamiento_id' in 'field list' (SQL-42S22) at C:/Apache24/htdocs/rtm.Opico/pl/recibo.data.pl line 98.: C:/Apache24/htdocs/rtm.Opico/pl/recibo.data.pl, referer: http://localhost:1035/pl/recibo.p.pl?mid=40901345
[Mon Dec 09 18:50:58.400967 2024] [cgi:error] [pid 3712:tid 1476] [client ::1:52150] AH01215:
[Mon Dec 9 18:50:58 2024] recibo.data.pl: DBD::ODBC::st execute failed: [MySQL][ODBC 5.3(w) Driver][mysqld-5.7.17-log]Unknown column 'r.i8_financiamiento_id' in 'field list' (SQL-42S22) at C:/Apache24/htdocs/rtm.Opico/pl/recibo.data.pl line 98.: C:/Apache24/htdocs/rtm.Opico/pl/recibo.data.pl, referer: http://localhost:1035/pl/recibo.p.pl?mid=40901345
[Mon Dec 09 18:50:58.400967 2024] [cgi:error] [pid 3712:tid 1476] [client ::1:52150] AH01215:
[Mon Dec 9 18:50:58 2024] recibo.data.pl: DBD::ODBC::st execute failed: [MySQL][ODBC 5.3(w) Driver][mysqld-5.7.17-log]Unknown column 'r.i8_financiamiento_id' in 'field list' (SQL-42S22) at C:/Apache24/htdocs/rtm.Opico/pl/recibo.data.pl line 98.: C:/Apache24/htdocs/rtm.Opico/pl/recibo.data.pl, referer: http://localhost:1035/pl/recibo.p.pl?mid=40901345
[Mon Dec 09 18:52:52.045609 2024] [cgi:error] [pid 3712:tid 1484] [client ::1:52401] AH01215:
[Mon Dec 9 18:52:52 2024] recibo.data.pl: DBD::ODBC::st execute failed: [MySQL][ODBC 5.3(w) Driver][mysqld-5.7.17-log]Unknown column 'r.i8_financiamiento_id' in 'field list' (SQL-42S22) at C:/Apache24/htdocs/rtm.Opico/pl/recibo.data.pl line 98.: C:/Apache24/htdocs/rtm.Opico/pl/recibo.data.pl, referer: http://localhost:1035/pl/recibo.p.pl?mid=40901345
[Mon Dec 09 18:52:52.045609 2024] [cgi:error] [pid 3712:tid 1484] [client ::1:52401] AH01215:
[Mon Dec 9 18:52:52 2024] recibo.data.pl: DBD::ODBC::st execute failed: [MySQL][ODBC 5.3(w) Driver][mysqld-5.7.17-log]Unknown column 'r.i8_financiamiento_id' in 'field list' (SQL-42S22) at C:/Apache24/htdocs/rtm.Opico/pl/recibo.data.pl line 98.: C:/Apache24/htdocs/rtm.Opico/pl/recibo.data.pl, referer: http://localhost:1035/pl/recibo.p.pl?mid=40901345
[Mon Dec 09 19:59:27.778101 2024] [cgi:error] [pid 3712:tid 1492] [client ::1:56352] AH01215:
[Mon Dec 9 19:59:27 2024] recibo.data.pl: DBD::ODBC::st execute failed: [MySQL][ODBC 5.3(w) Driver][mysqld-5.7.17-log]Unknown column 'r.dt_cuota' in 'field list' (SQL-42S22) at C:/Apache24/htdocs/rtm.Opico/pl/recibo.data.pl line 98.: C:/Apache24/htdocs/rtm.Opico/pl/recibo.data.pl, referer: http://localhost:1035/pl/recibo.p.pl?mid=40901345
[Mon Dec 09 19:59:27.778101 2024] [cgi:error] [pid 3712:tid 1492] [client ::1:56352] AH01215:
[Mon Dec 9 19:59:27 2024] recibo.data.pl: DBD::ODBC::st execute failed: [MySQL][ODBC 5.3(w) Driver][mysqld-5.7.17-log]Unknown column 'r.dt_cuota' in 'field list' (SQL-42S22) at C:/Apache24/htdocs/rtm.Opico/pl/recibo.data.pl line 98.: C:/Apache24/htdocs/rtm.Opico/pl/recibo.data.pl, referer: http://localhost:1035/pl/recibo.p.pl?mid=40901345
[Mon Dec 09 20:32:08.172182 2024] [cgi:error] [pid 3712:tid 1484] [client ::1:57513] AH01215:
[Mon Dec 9 20:32:08 2024] recibo.data.pl: DBD::ODBC::st execute failed: [MySQL][ODBC 5.3(w) Driver][mysqld-5.7.17-log]Unknown column 'r.d82_pago' in 'field list' (SQL-42S22) at C:/Apache24/htdocs/rtm.Opico/pl/recibo.data.pl line 98.: C:/Apache24/htdocs/rtm.Opico/pl/recibo.data.pl, referer: http://localhost:1035/pl/recibo.p.pl?mid=40901345
[Mon Dec 09 20:32:08.172182 2024] [cgi:error] [pid 3712:tid 1484] [client ::1:57513] AH01215:
[Mon Dec 9 20:32:08 2024] recibo.data.pl: DBD::ODBC::st execute failed: [MySQL][ODBC 5.3(w) Driver][mysqld-5.7.17-log]Unknown column 'r.d82_pago' in 'field list' (SQL-42S22) at C:/Apache24/htdocs/rtm.Opico/pl/recibo.data.pl line 98.: C:/Apache24/htdocs/rtm.Opico/pl/recibo.data.pl, referer: http://localhost:1035/pl/recibo.p.pl?mid=40901345
[Mon Dec 09 21:31:08.292422 2024] [cgi:error] [pid 3712:tid 1484] [client ::1:59346] AH01215:
[Mon Dec 9 21:31:08 2024] recibo.s.pl: DBD::ODBC::db do failed: [MySQL][ODBC 5.3(w) Driver][mysqld-5.7.17-log]Incorrect date value: '0' for column 'd82_pago' at row 1 (SQL-HY000) at C:/Apache24/htdocs/rtm.Opico/pl/recibo.s.pl line 166.: C:/Apache24/htdocs/rtm.Opico/pl/recibo.s.pl, referer: http://localhost:1035/pl/recibo.p.pl?mid=40901345
[Mon Dec 09 21:31:08.292422 2024] [cgi:error] [pid 3712:tid 1484] [client ::1:59346] AH01215:
[Mon Dec 9 21:31:08 2024] recibo.s.pl: DBD::ODBC::db do failed: [MySQL][ODBC 5.3(w) Driver][mysqld-5.7.17-log]Incorrect date value: '0' for column 'd82_pago' at row 1 (SQL-HY000) at C:/Apache24/htdocs/rtm.Opico/pl/recibo.s.pl line 166.: C:/Apache24/htdocs/rtm.Opico/pl/recibo.s.pl, referer: http://localhost:1035/pl/recibo.p.pl?mid=40901345
[Tue Dec 10 13:54:16.706755 2024] [cgi:error] [pid 3712:tid 1492] [client ::1:54021] AH01215: Adding password for user krojas\r: C:/Apache24/htdocs/rtm.Opico/pl/pwd.pl, referer: http://localhost:1035/bin/comml.pl?clase=users&id=1000178&id_field=i8_user_id
[Tue Dec 10 13:54:47.508507 2024] [cgi:error] [pid 3712:tid 1480] [client ::1:54059] AH01215:
[Tue Dec 10 13:54:47 2024] mora_sector_expedientes_rept.pl: DBD::ODBC::st fetchrow_array warning: no select statement currently executing at C:/Apache24/htdocs/rtm.Opico/pl/mora_sector_expedientes_rept.pl line 252.: C:/Apache24/htdocs/rtm.Opico/pl/mora_sector_expedientes_rept.pl, referer: http://localhost:1035/pl/mora_sectores_rept.pl?lan=es&clase=inmueble&appid=Opico
[Tue Dec 10 13:54:51.060024 2024] [cgi:error] [pid 3712:tid 1476] [client ::1:54056] AH01215:
[Tue Dec 10 13:54:51 2024] mora_sector_expedientes_rept.pl: DBD::ODBC::st fetchrow_array warning: no select statement currently executing at C:/Apache24/htdocs/rtm.Opico/pl/mora_sector_expedientes_rept.pl line 252.: C:/Apache24/htdocs/rtm.Opico/pl/mora_sector_expedientes_rept.pl, referer: http://localhost:1035/pl/mora_sectores_rept.pl?lan=es&clase=inmueble&appid=Opico
[Tue Dec 10 13:54:51.060024 2024] [cgi:error] [pid 3712:tid 1476] [client ::1:54056] AH01215:
[Tue Dec 10 13:54:51 2024] mora_sector_expedientes_rept.pl: DBD::ODBC::st fetchrow_array warning: no select statement currently executing at C:/Apache24/htdocs/rtm.Opico/pl/mora_sector_expedientes_rept.pl line 252.: C:/Apache24/htdocs/rtm.Opico/pl/mora_sector_expedientes_rept.pl, referer: http://localhost:1035/pl/mora_sectores_rept.pl?lan=es&clase=inmueble&appid=Opico
[Tue Dec 10 13:54:51.060024 2024] [cgi:error] [pid 3712:tid 1476] [client ::1:54056] AH01215:
[Tue Dec 10 13:54:51 2024] mora_sector_expedientes_rept.pl: DBD::ODBC::st fetchrow_array warning: no select statement currently executing at C:/Apache24/htdocs/rtm.Opico/pl/mora_sector_expedientes_rept.pl line 252.: C:/Apache24/htdocs/rtm.Opico/pl/mora_sector_expedientes_rept.pl, referer: http://localhost:1035/pl/mora_sectores_rept.pl?lan=es&clase=inmueble&appid=Opico
[Tue Dec 10 13:54:51.060024 2024] [cgi:error] [pid 3712:tid 1476] [client ::1:54056] AH01215:
[Tue Dec 10 13:54:51 2024] mora_sector_expedientes_rept.pl: DBD::ODBC::st fetchrow_array warning: no select statement currently executing at C:/Apache24/htdocs/rtm.Opico/pl/mora_sector_expedientes_rept.pl line 252.: C:/Apache24/htdocs/rtm.Opico/pl/mora_sector_expedientes_rept.pl, referer: http://localhost:1035/pl/mora_sectores_rept.pl?lan=es&clase=inmueble&appid=Opico
[Tue Dec 10 13:54:51.060024 2024] [cgi:error] [pid 3712:tid 1476] [client ::1:54056] AH01215:
[Tue Dec 10 13:54:51 2024] mora_sector_expedientes_rept.pl: DBD::ODBC::st fetchrow_array warning: no select statement currently executing at C:/Apache24/htdocs/rtm.Opico/pl/mora_sector_expedientes_rept.pl line 252.: C:/Apache24/htdocs/rtm.Opico/pl/mora_sector_expedientes_rept.pl, referer: http://localhost:1035/pl/mora_sectores_rept.pl?lan=es&clase=inmueble&appid=Opico
[Tue Dec 10 20:44:28.749711 2024] [cgi:error] [pid 3712:tid 1476] [client ::1:60262] AH01215: Adding password for user legal_jefatura\r: C:/Apache24/htdocs/rtm.Opico/pl/pwd.pl, referer: http://localhost:1035/bin/comml.pl?clase=users&id=1001&id_field=i8_user_id
[Tue Dec 10 20:44:46.218068 2024] [cgi:error] [pid 3712:tid 1472] [client ::1:60261] AH01215: Adding password for user cmancia\r: C:/Apache24/htdocs/rtm.Opico/pl/pwd.pl, referer: http://localhost:1035/bin/comml.pl?clase=users&id=1000195&id_field=i8_user_id
[Tue Dec 10 22:53:15.337668 2024] [cgi:error] [pid 3712:tid 1488] [client ::1:59297] AH01215: Adding password for user distrito\r: C:/Apache24/htdocs/rtm.Opico/pl/pwd.pl, referer: http://localhost:1035/bin/comml.pl?clase=users&id=1000171&id_field=i8_user_id
[Tue Dec 10 22:53:29.789100 2024] [cgi:error] [pid 3712:tid 1488] [client ::1:59297] AH01215: Adding password for user eguevara\r: C:/Apache24/htdocs/rtm.Opico/pl/pwd.pl, referer: http://localhost:1035/bin/comml.pl?clase=users&id=1000194&id_field=i8_user_id
[Tue Dec 10 23:00:13.693826 2024] [cgi:error] [pid 3712:tid 1476] [client ::1:59488] AH01215: Updating password for user cmancia\r: C:/Apache24/htdocs/rtm.Opico/pl/pwd.pl, referer: http://localhost:1035/bin/comml.pl?clase=users&id=1000195&id_field=i8_user_id
[Tue Dec 10 23:33:23.793999 2024] [cgi:error] [pid 3712:tid 1492] [client ::1:61292] AH01215: Adding password for user acarpio\r: C:/Apache24/htdocs/rtm.Opico/pl/pwd.pl, referer: http://localhost:1035/bin/comml.pl?clase=users&id=1000157&id_field=i8_user_id
[Tue Dec 10 23:37:42.196223 2024] [cgi:error] [pid 3712:tid 1468] [client ::1:61311] AH01215: Adding password for user ecoca\r: C:/Apache24/htdocs/rtm.Opico/pl/pwd.pl, referer: http://localhost:1035/bin/comml.pl?clase=users&id=1000182&id_field=i8_user_id
[Tue Dec 10 23:55:32.958483 2024] [cgi:error] [pid 3712:tid 1476] [client ::1:61325] AH01215: Adding password for user mguevara\r: C:/Apache24/htdocs/rtm.Opico/pl/pwd.pl, referer: http://localhost:1035/bin/comml.pl?clase=users&id=1000183&id_field=i8_user_id
[Tue Dec 10 23:55:54.357467 2024] [cgi:error] [pid 3712:tid 1476] [client ::1:61332] AH01215: Adding password for user refcaja2\r: C:/Apache24/htdocs/rtm.Opico/pl/pwd.pl, referer: http://localhost:1035/bin/comml.pl?clase=users&id=1000184&id_field=i8_user_id
[Tue Dec 10 23:56:10.226180 2024] [cgi:error] [pid 3712:tid 1468] [client ::1:61339] AH01215: Adding password for user CAJERO5\r: C:/Apache24/htdocs/rtm.Opico/pl/pwd.pl, referer: http://localhost:1035/bin/comml.pl?clase=users&id=1000185&id_field=i8_user_id
[Tue Dec 10 23:57:52.919404 2024] [cgi:error] [pid 3712:tid 1476] [client ::1:61346] AH01215: Adding password for user HDISTRITO\r: C:/Apache24/htdocs/rtm.Opico/pl/pwd.pl, referer: http://localhost:1035/bin/comml.pl?clase=users&id=1000186&id_field=i8_user_id
[Tue Dec 10 23:58:14.482896 2024] [cgi:error] [pid 3712:tid 1476] [client ::1:61353] AH01215: Adding password for user maribel\r: C:/Apache24/htdocs/rtm.Opico/pl/pwd.pl, referer: http://localhost:1035/bin/comml.pl?clase=users&id=1000187&id_field=i8_user_id
[Tue Dec 10 23:58:27.029432 2024] [cgi:error] [pid 3712:tid 1468] [client ::1:61357] AH01215: Adding password for user hramirez\r: C:/Apache24/htdocs/rtm.Opico/pl/pwd.pl, referer: http://localhost:1035/bin/comml.pl?clase=users&id=1000188&id_field=i8_user_id
[Tue Dec 10 23:58:39.439330 2024] [cgi:error] [pid 3712:tid 1476] [client ::1:61353] AH01215: Adding password for user GPAYAN\r: C:/Apache24/htdocs/rtm.Opico/pl/pwd.pl, referer: http://localhost:1035/bin/comml.pl?clase=users&id=1000189&id_field=i8_user_id
[Tue Dec 10 23:58:52.651088 2024] [cgi:error] [pid 3712:tid 1476] [client ::1:61353] AH01215: Updating password for user GPAYAN\r: C:/Apache24/htdocs/rtm.Opico/pl/pwd.pl, referer: http://localhost:1035/bin/comml.pl?clase=users&id=1000189&id_field=i8_user_id
[Tue Dec 10 23:59:05.811980 2024] [cgi:error] [pid 3712:tid 1476] [client ::1:61353] AH01215: Adding password for user ref6\r: C:/Apache24/htdocs/rtm.Opico/pl/pwd.pl, referer: http://localhost:1035/bin/comml.pl?clase=users&id=1000190&id_field=i8_user_id
[Tue Dec 10 23:59:18.818282 2024] [cgi:error] [pid 3712:tid 1468] [client ::1:61373] AH01215: Adding password for user kchacon\r: C:/Apache24/htdocs/rtm.Opico/pl/pwd.pl, referer: http://localhost:1035/bin/comml.pl?clase=users&id=1000191&id_field=i8_user_id
[Tue Dec 10 23:59:29.811953 2024] [cgi:error] [pid 3712:tid 1476] [client ::1:61353] AH01215: Adding password for user lzometa\r: C:/Apache24/htdocs/rtm.Opico/pl/pwd.pl, referer: http://localhost:1035/bin/comml.pl?clase=users&id=1000192&id_field=i8_user_id
[Tue Dec 10 23:59:39.398377 2024] [cgi:error] [pid 3712:tid 1468] [client ::1:61373] AH01215: Adding password for user smoran\r: C:/Apache24/htdocs/rtm.Opico/pl/pwd.pl, referer: http://localhost:1035/bin/comml.pl?clase=users&id=1000193&id_field=i8_user_id
[Tue Dec 10 23:59:49.380743 2024] [cgi:error] [pid 3712:tid 1476] [client ::1:61353] AH01215: Updating password for user eguevara\r: C:/Apache24/htdocs/rtm.Opico/pl/pwd.pl, referer: http://localhost:1035/bin/comml.pl?clase=users&id=1000194&id_field=i8_user_id
[Wed Dec 11 00:00:00.106126 2024] [cgi:error] [pid 3712:tid 1468] [client ::1:61373] AH01215: Updating password for user cmancia\r: C:/Apache24/htdocs/rtm.Opico/pl/pwd.pl, referer: http://localhost:1035/bin/comml.pl?clase=users&id=1000195&id_field=i8_user_id
[Wed Dec 11 07:25:42.511941 2024] [cgi:error] [pid 3712:tid 1468] [client ::1:61669] AH01215:
[Wed Dec 11 07:25:42 2024] rcrd.pl: DBD::ODBC::st execute failed: [MySQL][ODBC 5.3(w) Driver][mysqld-5.7.17-log]Unknown column 'cod_sector' in 'field list' (SQL-42S22) at C:/Apache24/htdocs/rtm.Opico/bin/rcrd.pl line 201.: C:/Apache24/htdocs/rtm.Opico/bin/rcrd.pl, referer: http://localhost:1035/bin/rcrdp.pl
[Wed Dec 11 07:25:42.511941 2024] [cgi:error] [pid 3712:tid 1468] [client ::1:61669] AH01215:
[Wed Dec 11 07:25:42 2024] rcrd.pl: DBD::ODBC::st execute failed: [MySQL][ODBC 5.3(w) Driver][mysqld-5.7.17-log]Unknown column 'cod_sector' in 'field list' (SQL-42S22) at C:/Apache24/htdocs/rtm.Opico/bin/rcrd.pl line 201.: C:/Apache24/htdocs/rtm.Opico/bin/rcrd.pl, referer: http://localhost:1035/bin/rcrdp.pl
[Wed Dec 11 07:32:30.676787 2024] [auth_basic:error] [pid 3712:tid 1488] [client 192.168.1.106:55952] AH01617: user hramirez: authentication failure for "/": Password Mismatch
[Wed Dec 11 07:32:38.829016 2024] [auth_basic:error] [pid 3712:tid 1488] [client 192.168.1.106:55952] AH01618: user hramirezHramirez8 not found: /
[Wed Dec 11 07:59:45.900232 2024] [auth_basic:error] [pid 3712:tid 1476] [client 192.168.1.130:53004] AH01618: user REF5 not found: /
[Wed Dec 11 08:00:10.985251 2024] [auth_basic:error] [pid 3712:tid 1476] [client 192.168.1.130:53054] AH01618: user REF5 not found: /
[Wed Dec 11 08:00:28.900415 2024] [auth_basic:error] [pid 3712:tid 1452] [client 192.168.1.73:54291] AH01618: user REF5 not found: /
[Wed Dec 11 08:00:37.906368 2024] [auth_basic:error] [pid 3712:tid 1452] [client 192.168.1.73:54291] AH01618: user REF5 not found: /
[Wed Dec 11 08:00:38.594530 2024] [auth_basic:error] [pid 3712:tid 1452] [client 192.168.1.73:54291] AH01618: user not found: /
[Wed Dec 11 08:01:03.232744 2024] [cgi:error] [pid 3712:tid 1460] [client 192.168.1.68:61845] AH01215:
[Wed Dec 11 08:01:03 2024] financiamiento.activo.get.pl: DBD::ODBC::st execute failed: [MySQL][ODBC 5.3(w) Driver][mysqld-5.7.17-log]Unknown column 'c8_tipo_cuota' in 'field list' (SQL-42S22) at C:/Apache24/htdocs/rtm.Opico/pl/financiamiento.activo.get.pl line 84.: C:/Apache24/htdocs/rtm.Opico/pl/financiamiento.activo.get.pl, referer: http://192.168.1.5:1035/bin/BSWS.pl?clase=empresa&id=2006718&fields=&values=
[Wed Dec 11 08:01:03.232744 2024] [cgi:error] [pid 3712:tid 1460] [client 192.168.1.68:61845] AH01215:
[Wed Dec 11 08:01:03 2024] financiamiento.activo.get.pl: DBD::ODBC::st execute failed: [MySQL][ODBC 5.3(w) Driver][mysqld-5.7.17-log]Unknown column 'c8_tipo_cuota' in 'field list' (SQL-42S22) at C:/Apache24/htdocs/rtm.Opico/pl/financiamiento.activo.get.pl line 84.: C:/Apache24/htdocs/rtm.Opico/pl/financiamiento.activo.get.pl, referer: http://192.168.1.5:1035/bin/BSWS.pl?clase=empresa&id=2006718&fields=&values=
[Wed Dec 11 08:02:24.055933 2024] [cgi:error] [pid 3712:tid 1464] [client 192.168.1.68:63918] AH01215:
[Wed Dec 11 08:02:24 2024] financiamiento.activo.get.pl: DBD::ODBC::st execute failed: [MySQL][ODBC 5.3(w) Driver][mysqld-5.7.17-log]Unknown column 'c8_tipo_cuota' in 'field list' (SQL-42S22) at C:/Apache24/htdocs/rtm.Opico/pl/financiamiento.activo.get.pl line 84.: C:/Apache24/htdocs/rtm.Opico/pl/financiamiento.activo.get.pl, referer: http://192.168.1.5:1035/bin/BSWS.pl?clase=empresa&id=2006843&fields=&values=
[Wed Dec 11 08:02:24.055933 2024] [cgi:error] [pid 3712:tid 1464] [client 192.168.1.68:63918] AH01215:
[Wed Dec 11 08:02:24 2024] financiamiento.activo.get.pl: DBD::ODBC::st execute failed: [MySQL][ODBC 5.3(w) Driver][mysqld-5.7.17-log]Unknown column 'c8_tipo_cuota' in 'field list' (SQL-42S22) at C:/Apache24/htdocs/rtm.Opico/pl/financiamiento.activo.get.pl line 84.: C:/Apache24/htdocs/rtm.Opico/pl/financiamiento.activo.get.pl, referer: http://192.168.1.5:1035/bin/BSWS.pl?clase=empresa&id=2006843&fields=&values=
[Wed Dec 11 08:02:41.609064 2024] [cgi:error] [pid 3712:tid 1472] [client 192.168.1.68:63921] AH02811: script not found or unable to stat: C:/Apache24/cgi-bin/Opico, referer: http://192.168.1.5:1035/bin/ASWS.pl?clase=empresa_abonos&id=2006843&fields=&values=
[Wed Dec 11 08:03:24.325004 2024] [auth_basic:error] [pid 3712:tid 1464] [client 192.168.1.193:52882] AH01618: user REF2 not found: /
[Wed Dec 11 08:03:40.284390 2024] [auth_basic:error] [pid 3712:tid 1464] [client 192.168.1.130:53139] AH01618: user Ref5 not found: /
[Wed Dec 11 08:03:40.839907 2024] [auth_basic:error] [pid 3712:tid 1464] [client 192.168.1.130:53139] AH01618: user not found: /
[Wed Dec 11 08:04:33.594045 2024] [auth_basic:error] [pid 3712:tid 1480] [client 192.168.1.130:53166] AH01618: user REF5 not found: /
[Wed Dec 11 08:04:38.185784 2024] [auth_basic:error] [pid 3712:tid 1480] [client 192.168.1.130:53166] AH01618: user REF not found: /
[Wed Dec 11 08:04:42.648867 2024] [auth_basic:error] [pid 3712:tid 1472] [client 192.168.1.130:53207] AH01618: user REF5 not found: /
[Wed Dec 11 08:04:42.859305 2024] [auth_basic:error] [pid 3712:tid 1472] [client 192.168.1.130:53207] AH01618: user not found: /
[Wed Dec 11 08:06:01.988019 2024] [cgi:error] [pid 3712:tid 1452] [client 192.168.1.68:64270] AH01215:
[Wed Dec 11 08:06:01 2024] financiamiento.activo.get.pl: DBD::ODBC::st execute failed: [MySQL][ODBC 5.3(w) Driver][mysqld-5.7.17-log]Unknown column 'c8_tipo_cuota' in 'field list' (SQL-42S22) at C:/Apache24/htdocs/rtm.Opico/pl/financiamiento.activo.get.pl line 84.: C:/Apache24/htdocs/rtm.Opico/pl/financiamiento.activo.get.pl, referer: http://192.168.1.5:1035/bin/BSWS.pl?clase=empresa&id=2006843&fields=&values=
[Wed Dec 11 08:06:01.988019 2024] [cgi:error] [pid 3712:tid 1452] [client 192.168.1.68:64270] AH01215:
[Wed Dec 11 08:06:01 2024] financiamiento.activo.get.pl: DBD::ODBC::st execute failed: [MySQL][ODBC 5.3(w) Driver][mysqld-5.7.17-log]Unknown column 'c8_tipo_cuota' in 'field list' (SQL-42S22) at C:/Apache24/htdocs/rtm.Opico/pl/financiamiento.activo.get.pl line 84.: C:/Apache24/htdocs/rtm.Opico/pl/financiamiento.activo.get.pl, referer: http://192.168.1.5:1035/bin/BSWS.pl?clase=empresa&id=2006843&fields=&values=
[Wed Dec 11 08:06:05.858684 2024] [cgi:error] [pid 3712:tid 1460] [client 192.168.1.68:64272] AH02811: script not found or unable to stat: C:/Apache24/cgi-bin/Opico, referer: http://192.168.1.5:1035/bin/ASWS.pl?clase=empresa_abonos&id=2006843&fields=&values=
[Wed Dec 11 08:08:39.982913 2024] [auth_basic:error] [pid 3712:tid 1444] [client 192.168.1.130:53358] AH01618: user ref5 not found: /
[Wed Dec 11 08:09:58.775089 2024] [auth_basic:error] [pid 3712:tid 1468] [client 192.168.1.130:53377] AH01618: user REF5 not found: /
[Wed Dec 11 08:10:09.502395 2024] [auth_basic:error] [pid 3712:tid 1468] [client 192.168.1.130:53377] AH01618: user REF5 not found: /
[Wed Dec 11 08:10:44.594545 2024] [auth_basic:error] [pid 3712:tid 1480] [client 192.168.1.130:53382] AH01618: user REF5 not found: /
[Wed Dec 11 08:12:12.836630 2024] [auth_basic:error] [pid 3712:tid 1452] [client 192.168.1.130:53416] AH01618: user REF5 not found: /
[Wed Dec 11 08:14:19.614835 2024] [cgi:error] [pid 3712:tid 1484] [client ::1:65313] AH01215: Adding password for user REF5\r: C:/Apache24/htdocs/rtm.Opico/pl/pwd.pl, referer: http://localhost:1035/bin/comml.pl?clase=users&id=1000169&id_field=i8_user_id
[Wed Dec 11 08:14:38.173251 2024] [cgi:error] [pid 3712:tid 1444] [client ::1:65412] AH01215: Updating password for user REF5\r: C:/Apache24/htdocs/rtm.Opico/pl/pwd.pl, referer: http://localhost:1035/bin/comml.pl?clase=users&id=1000169&id_field=i8_user_id
[Wed Dec 11 08:15:31.999449 2024] [auth_basic:error] [pid 3712:tid 1444] [client 192.168.1.71:49423] AH01618: user REF4 not found: /
[Wed Dec 11 08:15:35.371442 2024] [auth_basic:error] [pid 3712:tid 1464] [client 192.168.1.193:65083] AH01618: user REF2 not found: /
[Wed Dec 11 08:16:09.811441 2024] [auth_basic:error] [pid 3712:tid 1464] [client 192.168.1.99:51969] AH01618: user ref3 not found: /
[Wed Dec 11 08:16:18.725629 2024] [auth_basic:error] [pid 3712:tid 1464] [client 192.168.1.99:51969] AH01618: user REF3 not found: /
[Wed Dec 11 08:16:26.829982 2024] [auth_basic:error] [pid 3712:tid 1464] [client 192.168.1.99:51969] AH01618: user REF3 not found: /
[Wed Dec 11 08:17:52.152084 2024] [auth_basic:error] [pid 3712:tid 1468] [client 192.168.1.193:65121] AH01618: user ref2 not found: /
[Wed Dec 11 08:17:59.496468 2024] [auth_basic:error] [pid 3712:tid 1468] [client 192.168.1.193:65121] AH01618: user REF2 not found: /
[Wed Dec 11 08:18:05.888399 2024] [cgi:error] [pid 3712:tid 1464] [client 192.168.1.106:51592] AH01215:
[Wed Dec 11 08:18:05 2024] financiamiento.activo.get.pl: DBD::ODBC::st execute failed: [MySQL][ODBC 5.3(w) Driver][mysqld-5.7.17-log]Unknown column 'c8_tipo_cuota' in 'field list' (SQL-42S22) at C:/Apache24/htdocs/rtm.Opico/pl/financiamiento.activo.get.pl line 84.: C:/Apache24/htdocs/rtm.Opico/pl/financiamiento.activo.get.pl, referer: http://192.168.1.5:1035/bin/BSWS.pl?clase=empresa&id=2008855&fields=&values=
[Wed Dec 11 08:18:05.888399 2024] [cgi:error] [pid 3712:tid 1464] [client 192.168.1.106:51592] AH01215:
[Wed Dec 11 08:18:05 2024] financiamiento.activo.get.pl: DBD::ODBC::st execute failed: [MySQL][ODBC 5.3(w) Driver][mysqld-5.7.17-log]Unknown column 'c8_tipo_cuota' in 'field list' (SQL-42S22) at C:/Apache24/htdocs/rtm.Opico/pl/financiamiento.activo.get.pl line 84.: C:/Apache24/htdocs/rtm.Opico/pl/financiamiento.activo.get.pl, referer: http://192.168.1.5:1035/bin/BSWS.pl?clase=empresa&id=2008855&fields=&values=
[Wed Dec 11 08:18:15.387028 2024] [cgi:error] [pid 3712:tid 1432] [client 192.168.1.106:51590] AH01215:
[Wed Dec 11 08:18:15 2024] financiamiento.activo.get.pl: DBD::ODBC::st execute failed: [MySQL][ODBC 5.3(w) Driver][mysqld-5.7.17-log]Unknown column 'c8_tipo_cuota' in 'field list' (SQL-42S22) at C:/Apache24/htdocs/rtm.Opico/pl/financiamiento.activo.get.pl line 84.: C:/Apache24/htdocs/rtm.Opico/pl/financiamiento.activo.get.pl, referer: http://192.168.1.5:1035/bin/BSWS.pl?clase=empresa&id=2008855&fields=&values=
[Wed Dec 11 08:18:15.388025 2024] [cgi:error] [pid 3712:tid 1432] [client 192.168.1.106:51590] AH01215:
[Wed Dec 11 08:18:15 2024] financiamiento.activo.get.pl: DBD::ODBC::st execute failed: [MySQL][ODBC 5.3(w) Driver][mysqld-5.7.17-log]Unknown column 'c8_tipo_cuota' in 'field list' (SQL-42S22) at C:/Apache24/htdocs/rtm.Opico/pl/financiamiento.activo.get.pl line 84.: C:/Apache24/htdocs/rtm.Opico/pl/financiamiento.activo.get.pl, referer: http://192.168.1.5:1035/bin/BSWS.pl?clase=empresa&id=2008855&fields=&values=
[Wed Dec 11 08:18:23.874359 2024] [auth_basic:error] [pid 3712:tid 1484] [client 192.168.1.193:65129] AH01618: user REF2 not found: /
[Wed Dec 11 08:18:27.653267 2024] [auth_basic:error] [pid 3712:tid 1476] [client 192.168.1.71:49449] AH01618: user REF4 not found: /bin/menu.pl, referer: http://192.168.1.5:1035/
[Wed Dec 11 08:18:32.048528 2024] [auth_basic:error] [pid 3712:tid 1484] [client 192.168.1.193:65129] AH01618: user REF2 not found: /
[Wed Dec 11 08:18:35.489338 2024] [auth_basic:error] [pid 3712:tid 1476] [client 192.168.1.71:49449] AH01618: user REF4 not found: /bin/menu.pl, referer: http://192.168.1.5:1035/
[Wed Dec 11 08:18:48.547464 2024] [cgi:error] [pid 3712:tid 1448] [client 192.168.1.106:51599] AH01215:
[Wed Dec 11 08:18:48 2024] financiamiento.activo.get.pl: DBD::ODBC::st execute failed: [MySQL][ODBC 5.3(w) Driver][mysqld-5.7.17-log]Unknown column 'c8_tipo_cuota' in 'field list' (SQL-42S22) at C:/Apache24/htdocs/rtm.Opico/pl/financiamiento.activo.get.pl line 84.: C:/Apache24/htdocs/rtm.Opico/pl/financiamiento.activo.get.pl, referer: http://192.168.1.5:1035/bin/BSWS.pl?clase=empresa&id=2008855&fields=&values=
[Wed Dec 11 08:18:48.547464 2024] [cgi:error] [pid 3712:tid 1448] [client 192.168.1.106:51599] AH01215:
[Wed Dec 11 08:18:48 2024] financiamiento.activo.get.pl: DBD::ODBC::st execute failed: [MySQL][ODBC 5.3(w) Driver][mysqld-5.7.17-log]Unknown column 'c8_tipo_cuota' in 'field list' (SQL-42S22) at C:/Apache24/htdocs/rtm.Opico/pl/financiamiento.activo.get.pl line 84.: C:/Apache24/htdocs/rtm.Opico/pl/financiamiento.activo.get.pl, referer: http://192.168.1.5:1035/bin/BSWS.pl?clase=empresa&id=2008855&fields=&values=
[Wed Dec 11 08:18:54.675098 2024] [auth_basic:error] [pid 3712:tid 1468] [client 192.168.1.99:52043] AH01618: user REF3 not found: /
[Wed Dec 11 08:20:26.013169 2024] [cgi:error] [pid 3712:tid 1488] [client 192.168.1.106:51620] AH01215:
[Wed Dec 11 08:20:26 2024] financiamiento.activo.get.pl: DBD::ODBC::st execute failed: [MySQL][ODBC 5.3(w) Driver][mysqld-5.7.17-log]Unknown column 'c8_tipo_cuota' in 'field list' (SQL-42S22) at C:/Apache24/htdocs/rtm.Opico/pl/financiamiento.activo.get.pl line 84.: C:/Apache24/htdocs/rtm.Opico/pl/financiamiento.activo.get.pl, referer: http://192.168.1.5:1035/bin/BSWS.pl?clase=empresa&id=2008855&fields=&values=
[Wed Dec 11 08:20:26.013169 2024] [cgi:error] [pid 3712:tid 1488] [client 192.168.1.106:51620] AH01215:
[Wed Dec 11 08:20:26 2024] financiamiento.activo.get.pl: DBD::ODBC::st execute failed: [MySQL][ODBC 5.3(w) Driver][mysqld-5.7.17-log]Unknown column 'c8_tipo_cuota' in 'field list' (SQL-42S22) at C:/Apache24/htdocs/rtm.Opico/pl/financiamiento.activo.get.pl line 84.: C:/Apache24/htdocs/rtm.Opico/pl/financiamiento.activo.get.pl, referer: http://192.168.1.5:1035/bin/BSWS.pl?clase=empresa&id=2008855&fields=&values=
[Wed Dec 11 08:21:26.973375 2024] [cgi:error] [pid 3712:tid 1480] [client 192.168.1.106:51631] AH01215:
[Wed Dec 11 08:21:26 2024] financiamiento.activo.get.pl: DBD::ODBC::st execute failed: [MySQL][ODBC 5.3(w) Driver][mysqld-5.7.17-log]Unknown column 'c8_tipo_cuota' in 'field list' (SQL-42S22) at C:/Apache24/htdocs/rtm.Opico/pl/financiamiento.activo.get.pl line 84.: C:/Apache24/htdocs/rtm.Opico/pl/financiamiento.activo.get.pl, referer: http://192.168.1.5:1035/bin/BSWS.pl?clase=empresa&id=2008855&fields=&values=
[Wed Dec 11 08:21:26.973375 2024] [cgi:error] [pid 3712:tid 1480] [client 192.168.1.106:51631] AH01215:
[Wed Dec 11 08:21:26 2024] financiamiento.activo.get.pl: DBD::ODBC::st execute failed: [MySQL][ODBC 5.3(w) Driver][mysqld-5.7.17-log]Unknown column 'c8_tipo_cuota' in 'field list' (SQL-42S22) at C:/Apache24/htdocs/rtm.Opico/pl/financiamiento.activo.get.pl line 84.: C:/Apache24/htdocs/rtm.Opico/pl/financiamiento.activo.get.pl, referer: http://192.168.1.5:1035/bin/BSWS.pl?clase=empresa&id=2008855&fields=&values=
[Wed Dec 11 08:22:31.404318 2024] [cgi:error] [pid 3712:tid 1460] [client 192.168.1.106:51639] AH01215:
[Wed Dec 11 08:22:31 2024] financiamiento.activo.get.pl: DBD::ODBC::st execute failed: [MySQL][ODBC 5.3(w) Driver][mysqld-5.7.17-log]Unknown column 'c8_tipo_cuota' in 'field list' (SQL-42S22) at C:/Apache24/htdocs/rtm.Opico/pl/financiamiento.activo.get.pl line 84.: C:/Apache24/htdocs/rtm.Opico/pl/financiamiento.activo.get.pl, referer: http://192.168.1.5:1035/bin/BSWS.pl?clase=empresa&id=2008855&fields=&values=
[Wed Dec 11 08:22:31.404318 2024] [cgi:error] [pid 3712:tid 1460] [client 192.168.1.106:51639] AH01215:
[Wed Dec 11 08:22:31 2024] financiamiento.activo.get.pl: DBD::ODBC::st execute failed: [MySQL][ODBC 5.3(w) Driver][mysqld-5.7.17-log]Unknown column 'c8_tipo_cuota' in 'field list' (SQL-42S22) at C:/Apache24/htdocs/rtm.Opico/pl/financiamiento.activo.get.pl line 84.: C:/Apache24/htdocs/rtm.Opico/pl/financiamiento.activo.get.pl, referer: http://192.168.1.5:1035/bin/BSWS.pl?clase=empresa&id=2008855&fields=&values=
[Wed Dec 11 08:23:26.452319 2024] [cgi:error] [pid 3712:tid 1416] [client 192.168.1.106:63449] AH01215:
[Wed Dec 11 08:23:26 2024] financiamiento.activo.get.pl: DBD::ODBC::st execute failed: [MySQL][ODBC 5.3(w) Driver][mysqld-5.7.17-log]Unknown column 'c8_tipo_cuota' in 'field list' (SQL-42S22) at C:/Apache24/htdocs/rtm.Opico/pl/financiamiento.activo.get.pl line 84.: C:/Apache24/htdocs/rtm.Opico/pl/financiamiento.activo.get.pl, referer: http://192.168.1.5:1035/bin/BSWS.pl?clase=empresa&id=2008855&fields=&values=
[Wed Dec 11 08:23:26.452319 2024] [cgi:error] [pid 3712:tid 1416] [client 192.168.1.106:63449] AH01215:
[Wed Dec 11 08:23:26 2024] financiamiento.activo.get.pl: DBD::ODBC::st execute failed: [MySQL][ODBC 5.3(w) Driver][mysqld-5.7.17-log]Unknown column 'c8_tipo_cuota' in 'field list' (SQL-42S22) at C:/Apache24/htdocs/rtm.Opico/pl/financiamiento.activo.get.pl line 84.: C:/Apache24/htdocs/rtm.Opico/pl/financiamiento.activo.get.pl, referer: http://192.168.1.5:1035/bin/BSWS.pl?clase=empresa&id=2008855&fields=&values=
[Wed Dec 11 08:25:18.688238 2024] [cgi:error] [pid 3712:tid 1480] [client 192.168.1.106:63461] AH01215:
[Wed Dec 11 08:25:18 2024] financiamiento.activo.get.pl: DBD::ODBC::st execute failed: [MySQL][ODBC 5.3(w) Driver][mysqld-5.7.17-log]Unknown column 'c8_tipo_cuota' in 'field list' (SQL-42S22) at C:/Apache24/htdocs/rtm.Opico/pl/financiamiento.activo.get.pl line 84.: C:/Apache24/htdocs/rtm.Opico/pl/financiamiento.activo.get.pl, referer: http://192.168.1.5:1035/bin/BSWS.pl?clase=empresa&id=2008855&fields=&values=
[Wed Dec 11 08:25:18.688238 2024] [cgi:error] [pid 3712:tid 1480] [client 192.168.1.106:63461] AH01215:
[Wed Dec 11 08:25:18 2024] financiamiento.activo.get.pl: DBD::ODBC::st execute failed: [MySQL][ODBC 5.3(w) Driver][mysqld-5.7.17-log]Unknown column 'c8_tipo_cuota' in 'field list' (SQL-42S22) at C:/Apache24/htdocs/rtm.Opico/pl/financiamiento.activo.get.pl line 84.: C:/Apache24/htdocs/rtm.Opico/pl/financiamiento.activo.get.pl, referer: http://192.168.1.5:1035/bin/BSWS.pl?clase=empresa&id=2008855&fields=&values=
[Wed Dec 11 08:26:52.830476 2024] [cgi:error] [pid 3712:tid 1424] [client 192.168.1.106:63470] AH01215:
[Wed Dec 11 08:26:52 2024] financiamiento.activo.get.pl: DBD::ODBC::st execute failed: [MySQL][ODBC 5.3(w) Driver][mysqld-5.7.17-log]Unknown column 'c8_tipo_cuota' in 'field list' (SQL-42S22) at C:/Apache24/htdocs/rtm.Opico/pl/financiamiento.activo.get.pl line 84.: C:/Apache24/htdocs/rtm.Opico/pl/financiamiento.activo.get.pl, referer: http://192.168.1.5:1035/bin/BSWS.pl?clase=empresa&id=2001221&fields=&values=
[Wed Dec 11 08:26:52.830476 2024] [cgi:error] [pid 3712:tid 1424] [client 192.168.1.106:63470] AH01215:
[Wed Dec 11 08:26:52 2024] financiamiento.activo.get.pl: DBD::ODBC::st execute failed: [MySQL][ODBC 5.3(w) Driver][mysqld-5.7.17-log]Unknown column 'c8_tipo_cuota' in 'field list' (SQL-42S22) at C:/Apache24/htdocs/rtm.Opico/pl/financiamiento.activo.get.pl line 84.: C:/Apache24/htdocs/rtm.Opico/pl/financiamiento.activo.get.pl, referer: http://192.168.1.5:1035/bin/BSWS.pl?clase=empresa&id=2001221&fields=&values=
[Wed Dec 11 08:27:06.849636 2024] [cgi:error] [pid 3712:tid 1416] [client ::1:51619] AH01215: Adding password for user REF1\r: C:/Apache24/htdocs/rtm.Opico/pl/pwd.pl, referer: http://localhost:1035/bin/comml.pl?clase=users&id=1000168&id_field=i8_user_id
[Wed Dec 11 08:27:23.108777 2024] [cgi:error] [pid 3712:tid 1452] [client 192.168.1.68:62049] AH01215:
[Wed Dec 11 08:27:23 2024] financiamiento.activo.get.pl: DBD::ODBC::st execute failed: [MySQL][ODBC 5.3(w) Driver][mysqld-5.7.17-log]Unknown column 'c8_tipo_cuota' in 'field list' (SQL-42S22) at C:/Apache24/htdocs/rtm.Opico/pl/financiamiento.activo.get.pl line 84.: C:/Apache24/htdocs/rtm.Opico/pl/financiamiento.activo.get.pl, referer: http://192.168.1.5:1035/bin/BSWS.pl?clase=empresa&id=2006754&fields=&values=
[Wed Dec 11 08:27:23.108777 2024] [cgi:error] [pid 3712:tid 1452] [client 192.168.1.68:62049] AH01215:
[Wed Dec 11 08:27:23 2024] financiamiento.activo.get.pl: DBD::ODBC::st execute failed: [MySQL][ODBC 5.3(w) Driver][mysqld-5.7.17-log]Unknown column 'c8_tipo_cuota' in 'field list' (SQL-42S22) at C:/Apache24/htdocs/rtm.Opico/pl/financiamiento.activo.get.pl line 84.: C:/Apache24/htdocs/rtm.Opico/pl/financiamiento.activo.get.pl, referer: http://192.168.1.5:1035/bin/BSWS.pl?clase=empresa&id=2006754&fields=&values=
[Wed Dec 11 08:28:00.586781 2024] [cgi:error] [pid 3712:tid 1440] [client 192.168.1.106:63478] AH01215: Undefined subroutine &main::connect_fail called at C:/Apache24/htdocs/rtm.Opico/pl/empresa_ficha_cuenta_rept.pl line 29.: C:/Apache24/htdocs/rtm.Opico/pl/empresa_ficha_cuenta_rept.pl, referer: http://192.168.1.5:1035/bin/comml.pl?clase=empresas&id=2001221&id_field=i8_empresa_id
[Wed Dec 11 08:29:01.316385 2024] [cgi:error] [pid 3712:tid 1492] [client 192.168.1.106:63486] AH01215:
[Wed Dec 11 08:29:01 2024] financiamiento.activo.get.pl: DBD::ODBC::st execute failed: [MySQL][ODBC 5.3(w) Driver][mysqld-5.7.17-log]Unknown column 'c8_tipo_cuota' in 'field list' (SQL-42S22) at C:/Apache24/htdocs/rtm.Opico/pl/financiamiento.activo.get.pl line 84.: C:/Apache24/htdocs/rtm.Opico/pl/financiamiento.activo.get.pl, referer: http://192.168.1.5:1035/bin/BSWS.pl?clase=empresa&id=2001221&fields=&values=
[Wed Dec 11 08:29:01.316385 2024] [cgi:error] [pid 3712:tid 1492] [client 192.168.1.106:63486] AH01215:
[Wed Dec 11 08:29:01 2024] financiamiento.activo.get.pl: DBD::ODBC::st execute failed: [MySQL][ODBC 5.3(w) Driver][mysqld-5.7.17-log]Unknown column 'c8_tipo_cuota' in 'field list' (SQL-42S22) at C:/Apache24/htdocs/rtm.Opico/pl/financiamiento.activo.get.pl line 84.: C:/Apache24/htdocs/rtm.Opico/pl/financiamiento.activo.get.pl, referer: http://192.168.1.5:1035/bin/BSWS.pl?clase=empresa&id=2001221&fields=&values=
[Wed Dec 11 08:29:56.944945 2024] [cgi:error] [pid 3712:tid 1432] [client 192.168.1.68:62067] AH01215:
[Wed Dec 11 08:29:56 2024] financiamiento.activo.get.pl: DBD::ODBC::st execute failed: [MySQL][ODBC 5.3(w) Driver][mysqld-5.7.17-log]Unknown column 'c8_tipo_cuota' in 'field list' (SQL-42S22) at C:/Apache24/htdocs/rtm.Opico/pl/financiamiento.activo.get.pl line 84.: C:/Apache24/htdocs/rtm.Opico/pl/financiamiento.activo.get.pl, referer: http://192.168.1.5:1035/bin/BSWS.pl?clase=empresa&id=2006754&fields=&values=
[Wed Dec 11 08:29:56.944945 2024] [cgi:error] [pid 3712:tid 1432] [client 192.168.1.68:62067] AH01215:
[Wed Dec 11 08:29:56 2024] financiamiento.activo.get.pl: DBD::ODBC::st execute failed: [MySQL][ODBC 5.3(w) Driver][mysqld-5.7.17-log]Unknown column 'c8_tipo_cuota' in 'field list' (SQL-42S22) at C:/Apache24/htdocs/rtm.Opico/pl/financiamiento.activo.get.pl line 84.: C:/Apache24/htdocs/rtm.Opico/pl/financiamiento.activo.get.pl, referer: http://192.168.1.5:1035/bin/BSWS.pl?clase=empresa&id=2006754&fields=&values=
[Wed Dec 11 08:30:16.218211 2024] [cgi:error] [pid 3712:tid 1432] [client 192.168.1.207:61304] AH01215:
[Wed Dec 11 08:30:16 2024] financiamiento.activo.get.pl: DBD::ODBC::st execute failed: [MySQL][ODBC 5.3(w) Driver][mysqld-5.7.17-log]Unknown column 'c8_tipo_cuota' in 'field list' (SQL-42S22) at C:/Apache24/htdocs/rtm.Opico/pl/financiamiento.activo.get.pl line 84.: C:/Apache24/htdocs/rtm.Opico/pl/financiamiento.activo.get.pl, referer: http://192.168.1.5:1035/bin/BSWS.pl?clase=empresa&id=2001221&fields=&values=
[Wed Dec 11 08:30:16.218211 2024] [cgi:error] [pid 3712:tid 1432] [client 192.168.1.207:61304] AH01215:
[Wed Dec 11 08:30:16 2024] financiamiento.activo.get.pl: DBD::ODBC::st execute failed: [MySQL][ODBC 5.3(w) Driver][mysqld-5.7.17-log]Unknown column 'c8_tipo_cuota' in 'field list' (SQL-42S22) at C:/Apache24/htdocs/rtm.Opico/pl/financiamiento.activo.get.pl line 84.: C:/Apache24/htdocs/rtm.Opico/pl/financiamiento.activo.get.pl, referer: http://192.168.1.5:1035/bin/BSWS.pl?clase=empresa&id=2001221&fields=&values=
[Wed Dec 11 08:31:29.389969 2024] [cgi:error] [pid 3712:tid 1468] [client 192.168.1.106:63502] AH01215:
[Wed Dec 11 08:31:29 2024] financiamiento.activo.get.pl: DBD::ODBC::st execute failed: [MySQL][ODBC 5.3(w) Driver][mysqld-5.7.17-log]Unknown column 'c8_tipo_cuota' in 'field list' (SQL-42S22) at C:/Apache24/htdocs/rtm.Opico/pl/financiamiento.activo.get.pl line 84.: C:/Apache24/htdocs/rtm.Opico/pl/financiamiento.activo.get.pl, referer: http://192.168.1.5:1035/bin/BSWS.pl?clase=empresa&id=2001221&fields=&values=
[Wed Dec 11 08:31:29.389969 2024] [cgi:error] [pid 3712:tid 1468] [client 192.168.1.106:63502] AH01215:
[Wed Dec 11 08:31:29 2024] financiamiento.activo.get.pl: DBD::ODBC::st execute failed: [MySQL][ODBC 5.3(w) Driver][mysqld-5.7.17-log]Unknown column 'c8_tipo_cuota' in 'field list' (SQL-42S22) at C:/Apache24/htdocs/rtm.Opico/pl/financiamiento.activo.get.pl line 84.: C:/Apache24/htdocs/rtm.Opico/pl/financiamiento.activo.get.pl, referer: http://192.168.1.5:1035/bin/BSWS.pl?clase=empresa&id=2001221&fields=&values=
[Wed Dec 11 08:32:53.938476 2024] [cgi:error] [pid 3712:tid 1424] [client 192.168.1.106:63513] AH01215:
[Wed Dec 11 08:32:53 2024] financiamiento.activo.get.pl: DBD::ODBC::st execute failed: [MySQL][ODBC 5.3(w) Driver][mysqld-5.7.17-log]Unknown column 'c8_tipo_cuota' in 'field list' (SQL-42S22) at C:/Apache24/htdocs/rtm.Opico/pl/financiamiento.activo.get.pl line 84.: C:/Apache24/htdocs/rtm.Opico/pl/financiamiento.activo.get.pl, referer: http://192.168.1.5:1035/bin/BSWS.pl?clase=empresa&id=2006847&fields=&values=
[Wed Dec 11 08:32:53.938476 2024] [cgi:error] [pid 3712:tid 1424] [client 192.168.1.106:63513] AH01215:
[Wed Dec 11 08:32:53 2024] financiamiento.activo.get.pl: DBD::ODBC::st execute failed: [MySQL][ODBC 5.3(w) Driver][mysqld-5.7.17-log]Unknown column 'c8_tipo_cuota' in 'field list' (SQL-42S22) at C:/Apache24/htdocs/rtm.Opico/pl/financiamiento.activo.get.pl line 84.: C:/Apache24/htdocs/rtm.Opico/pl/financiamiento.activo.get.pl, referer: http://192.168.1.5:1035/bin/BSWS.pl?clase=empresa&id=2006847&fields=&values=
[Wed Dec 11 08:47:23.176461 2024] [cgi:error] [pid 3712:tid 1464] [client 192.168.1.207:59595] AH01215:
[Wed Dec 11 08:47:23 2024] procesar_abonar_periodos_p.pl: Can't call method "Close" on an undefined value at C:/Apache24/htdocs/rtm.Opico/pl/procesar_abonar_periodos_p.pl line 62.: C:/Apache24/htdocs/rtm.Opico/pl/procesar_abonar_periodos_p.pl, referer: http://192.168.1.5:1035/pl/expediente.abonos.put.pl
[Wed Dec 11 08:47:44.075844 2024] [cgi:error] [pid 3712:tid 1492] [client 192.168.1.68:62136] AH01215:
[Wed Dec 11 08:47:44 2024] financiamiento.activo.get.pl: DBD::ODBC::st execute failed: [MySQL][ODBC 5.3(w) Driver][mysqld-5.7.17-log]Unknown column 'c8_tipo_cuota' in 'field list' (SQL-42S22) at C:/Apache24/htdocs/rtm.Opico/pl/financiamiento.activo.get.pl line 84.: C:/Apache24/htdocs/rtm.Opico/pl/financiamiento.activo.get.pl, referer: http://192.168.1.5:1035/bin/BSWS.pl?clase=empresa&id=2006754&fields=&values=
[Wed Dec 11 08:47:44.075844 2024] [cgi:error] [pid 3712:tid 1492] [client 192.168.1.68:62136] AH01215:
[Wed Dec 11 08:47:44 2024] financiamiento.activo.get.pl: DBD::ODBC::st execute failed: [MySQL][ODBC 5.3(w) Driver][mysqld-5.7.17-log]Unknown column 'c8_tipo_cuota' in 'field list' (SQL-42S22) at C:/Apache24/htdocs/rtm.Opico/pl/financiamiento.activo.get.pl line 84.: C:/Apache24/htdocs/rtm.Opico/pl/financiamiento.activo.get.pl, referer: http://192.168.1.5:1035/bin/BSWS.pl?clase=empresa&id=2006754&fields=&values=
[Wed Dec 11 08:48:30.610954 2024] [cgi:error] [pid 3712:tid 1496] [client 192.168.1.207:59605] AH01215:
[Wed Dec 11 08:48:30 2024] procesar_abonar_periodos_p.pl: Can't call method "Close" on an undefined value at C:/Apache24/htdocs/rtm.Opico/pl/procesar_abonar_periodos_p.pl line 62.: C:/Apache24/htdocs/rtm.Opico/pl/procesar_abonar_periodos_p.pl, referer: http://192.168.1.5:1035/pl/expediente.abonos.put.pl
[Wed Dec 11 08:49:20.414294 2024] [cgi:error] [pid 3712:tid 1452] [client 192.168.1.68:62141] AH01215:
[Wed Dec 11 08:49:20 2024] procesar_abonar_periodos_p.pl: Can't call method "Close" on an undefined value at C:/Apache24/htdocs/rtm.Opico/pl/procesar_abonar_periodos_p.pl line 62.: C:/Apache24/htdocs/rtm.Opico/pl/procesar_abonar_periodos_p.pl, referer: http://192.168.1.5:1035/pl/expediente.abonos.put.pl
[Wed Dec 11 08:49:23.038303 2024] [cgi:error] [pid 3712:tid 1428] [client 192.168.1.68:62145] AH01215:
[Wed Dec 11 08:49:23 2024] financiamiento.activo.get.pl: DBD::ODBC::st execute failed: [MySQL][ODBC 5.3(w) Driver][mysqld-5.7.17-log]Unknown column 'c8_tipo_cuota' in 'field list' (SQL-42S22) at C:/Apache24/htdocs/rtm.Opico/pl/financiamiento.activo.get.pl line 84.: C:/Apache24/htdocs/rtm.Opico/pl/financiamiento.activo.get.pl, referer: http://192.168.1.5:1035/bin/BSWS.pl?clase=empresa&id=2006754&fields=&values=
[Wed Dec 11 08:49:23.039302 2024] [cgi:error] [pid 3712:tid 1428] [client 192.168.1.68:62145] AH01215:
[Wed Dec 11 08:49:23 2024] financiamiento.activo.get.pl: DBD::ODBC::st execute failed: [MySQL][ODBC 5.3(w) Driver][mysqld-5.7.17-log]Unknown column 'c8_tipo_cuota' in 'field list' (SQL-42S22) at C:/Apache24/htdocs/rtm.Opico/pl/financiamiento.activo.get.pl line 84.: C:/Apache24/htdocs/rtm.Opico/pl/financiamiento.activo.get.pl, referer: http://192.168.1.5:1035/bin/BSWS.pl?clase=empresa&id=2006754&fields=&values=
[Wed Dec 11 08:50:19.638464 2024] [cgi:error] [pid 3712:tid 1476] [client 192.168.1.68:62146] AH01215:
[Wed Dec 11 08:50:19 2024] procesar_abonar_periodos_p.pl: Can't call method "Close" on an undefined value at C:/Apache24/htdocs/rtm.Opico/pl/procesar_abonar_periodos_p.pl line 62.: C:/Apache24/htdocs/rtm.Opico/pl/procesar_abonar_periodos_p.pl, referer: http://192.168.1.5:1035/pl/expediente.abonos.put.pl
[Wed Dec 11 08:50:22.734212 2024] [cgi:error] [pid 3712:tid 1452] [client 192.168.1.68:62155] AH01215:
[Wed Dec 11 08:50:22 2024] financiamiento.activo.get.pl: DBD::ODBC::st execute failed: [MySQL][ODBC 5.3(w) Driver][mysqld-5.7.17-log]Unknown column 'c8_tipo_cuota' in 'field list' (SQL-42S22) at C:/Apache24/htdocs/rtm.Opico/pl/financiamiento.activo.get.pl line 84.: C:/Apache24/htdocs/rtm.Opico/pl/financiamiento.activo.get.pl, referer: http://192.168.1.5:1035/bin/BSWS.pl?clase=empresa&id=2006754&fields=&values=
[Wed Dec 11 08:50:22.734212 2024] [cgi:error] [pid 3712:tid 1452] [client 192.168.1.68:62155] AH01215:
[Wed Dec 11 08:50:22 2024] financiamiento.activo.get.pl: DBD::ODBC::st execute failed: [MySQL][ODBC 5.3(w) Driver][mysqld-5.7.17-log]Unknown column 'c8_tipo_cuota' in 'field list' (SQL-42S22) at C:/Apache24/htdocs/rtm.Opico/pl/financiamiento.activo.get.pl line 84.: C:/Apache24/htdocs/rtm.Opico/pl/financiamiento.activo.get.pl, referer: http://192.168.1.5:1035/bin/BSWS.pl?clase=empresa&id=2006754&fields=&values=
[Wed Dec 11 08:51:49.835968 2024] [cgi:error] [pid 3712:tid 1460] [client 192.168.1.68:62165] AH01215:
[Wed Dec 11 08:51:49 2024] procesar_abonar_periodos_p.pl: Can't call method "Close" on an undefined value at C:/Apache24/htdocs/rtm.Opico/pl/procesar_abonar_periodos_p.pl line 62.: C:/Apache24/htdocs/rtm.Opico/pl/procesar_abonar_periodos_p.pl, referer: http://192.168.1.5:1035/pl/expediente.abonos.put.pl
[Wed Dec 11 08:52:40.681348 2024] [cgi:error] [pid 3712:tid 1432] [client 192.168.1.68:62170] AH01215:
[Wed Dec 11 08:52:40 2024] procesar_abonar_periodos_p.pl: Can't call method "Close" on an undefined value at C:/Apache24/htdocs/rtm.Opico/pl/procesar_abonar_periodos_p.pl line 62.: C:/Apache24/htdocs/rtm.Opico/pl/procesar_abonar_periodos_p.pl, referer: http://192.168.1.5:1035/pl/expediente.abonos.put.pl
[Wed Dec 11 08:56:21.103147 2024] [cgi:error] [pid 3712:tid 1412] [client 192.168.1.68:62196] AH01215:
[Wed Dec 11 08:56:21 2024] procesar_abonar_periodos_p.pl: Can't call method "Close" on an undefined value at C:/Apache24/htdocs/rtm.Opico/pl/procesar_abonar_periodos_p.pl line 62.: C:/Apache24/htdocs/rtm.Opico/pl/procesar_abonar_periodos_p.pl, referer: http://192.168.1.5:1035/pl/expediente.abonos.put.pl
[Wed Dec 11 08:57:45.656442 2024] [auth_basic:error] [pid 3712:tid 1492] [client 192.168.1.193:65347] AH01618: user ref5 not found: /bin/menu.pl, referer: http://192.168.1.5:1035/
[Wed Dec 11 08:57:46.935029 2024] [cgi:error] [pid 3712:tid 1428] [client 192.168.1.68:62211] AH01215:
[Wed Dec 11 08:57:46 2024] procesar_abonar_periodos_p.pl: Can't call method "Close" on an undefined value at C:/Apache24/htdocs/rtm.Opico/pl/procesar_abonar_periodos_p.pl line 62.: C:/Apache24/htdocs/rtm.Opico/pl/procesar_abonar_periodos_p.pl, referer: http://192.168.1.5:1035/pl/expediente.abonos.put.pl
[Wed Dec 11 08:57:52.664733 2024] [auth_basic:error] [pid 3712:tid 1492] [client 192.168.1.193:65347] AH01618: user ref5 not found: /bin/menu.pl, referer: http://192.168.1.5:1035/
[Wed Dec 11 08:58:23.267038 2024] [cgi:error] [pid 3712:tid 1476] [client 192.168.1.68:62216] AH01215:
[Wed Dec 11 08:58:23 2024] procesar_abonar_periodos_p.pl: Can't call method "Close" on an undefined value at C:/Apache24/htdocs/rtm.Opico/pl/procesar_abonar_periodos_p.pl line 62.: C:/Apache24/htdocs/rtm.Opico/pl/procesar_abonar_periodos_p.pl, referer: http://192.168.1.5:1035/pl/expediente.abonos.put.pl
[Wed Dec 11 08:59:35.500217 2024] [cgi:error] [pid 3712:tid 1452] [client 192.168.1.68:62222] AH01215:
[Wed Dec 11 08:59:35 2024] procesar_abonar_periodos_p.pl: Can't call method "Close" on an undefined value at C:/Apache24/htdocs/rtm.Opico/pl/procesar_abonar_periodos_p.pl line 62.: C:/Apache24/htdocs/rtm.Opico/pl/procesar_abonar_periodos_p.pl, referer: http://192.168.1.5:1035/pl/expediente.abonos.put.pl
[Wed Dec 11 09:00:23.054311 2024] [cgi:error] [pid 3712:tid 1484] [client 192.168.1.68:62228] AH01215:
[Wed Dec 11 09:00:23 2024] procesar_abonar_periodos_p.pl: Can't call method "Close" on an undefined value at C:/Apache24/htdocs/rtm.Opico/pl/procesar_abonar_periodos_p.pl line 62.: C:/Apache24/htdocs/rtm.Opico/pl/procesar_abonar_periodos_p.pl, referer: http://192.168.1.5:1035/pl/expediente.abonos.put.pl
[Wed Dec 11 09:00:50.223799 2024] [cgi:error] [pid 3712:tid 1428] [client 192.168.1.68:62240] AH01215:
[Wed Dec 11 09:00:50 2024] financiamiento.activo.get.pl: DBD::ODBC::st execute failed: [MySQL][ODBC 5.3(w) Driver][mysqld-5.7.17-log]Unknown column 'c8_tipo_cuota' in 'field list' (SQL-42S22) at C:/Apache24/htdocs/rtm.Opico/pl/financiamiento.activo.get.pl line 84.: C:/Apache24/htdocs/rtm.Opico/pl/financiamiento.activo.get.pl, referer: http://192.168.1.5:1035/bin/BSWS.pl?clase=empresa&id=2006754&fields=&values=
[Wed Dec 11 09:00:50.223799 2024] [cgi:error] [pid 3712:tid 1428] [client 192.168.1.68:62240] AH01215:
[Wed Dec 11 09:00:50 2024] financiamiento.activo.get.pl: DBD::ODBC::st execute failed: [MySQL][ODBC 5.3(w) Driver][mysqld-5.7.17-log]Unknown column 'c8_tipo_cuota' in 'field list' (SQL-42S22) at C:/Apache24/htdocs/rtm.Opico/pl/financiamiento.activo.get.pl line 84.: C:/Apache24/htdocs/rtm.Opico/pl/financiamiento.activo.get.pl, referer: http://192.168.1.5:1035/bin/BSWS.pl?clase=empresa&id=2006754&fields=&values=
[Wed Dec 11 09:11:26.362396 2024] [cgi:error] [pid 3712:tid 1496] [client 192.168.1.106:63743] AH01215:
[Wed Dec 11 09:11:26 2024] procesar_abonar_periodos_p.pl: Can't call method "Close" on an undefined value at C:/Apache24/htdocs/rtm.Opico/pl/procesar_abonar_periodos_p.pl line 62.: C:/Apache24/htdocs/rtm.Opico/pl/procesar_abonar_periodos_p.pl, referer: http://192.168.1.5:1035/pl/expediente.abonos.put.pl
[Wed Dec 11 09:34:19.693663 2024] [cgi:error] [pid 3712:tid 1464] [client 192.168.1.68:62332] AH01215:
